 -2155 - s. What are the prime factors of d?
3, 101
Let g(s) = -4*s**3 + 31*s**2 - 86*s - 74. Let i(b) = 5*b**3 - 31*b**2 + 86*b + 74. Let r(o) = 6*g(o) + 5*i(o). List the prime factors of r(-33).
2, 293
Let k(c) = 242*c**3 - 2*c**2 + c - 27. What are the prime factors of k(4)?
11, 23, 61
Suppose -1 + 21 = 10*p. Suppose 5*o = 7*d - 2*d - 1770, o = -p*d + 702. List the prime factors of d.
2, 11
Let q be (2 + -1)/((-3)/(-6)). Let m(c) = -c + 42. Let w be m(-10). Suppose q*d + w - 182 = 0. What are the prime factors of d?
5, 13
Let r be (-24)/(-24)*1/((-1)/(-3)). Suppose 0 = r*g - 453 - 543. What are the prime factors of g?
2, 83
Let f(c) = c**3 - 17*c**2 + c - 12. Let w be f(17). Suppose w*o - 47 - 3 = -5*b, 5 = o. Suppose b*l - 312 = 2*l. What are the prime factors of l?
2, 13
Let v = 2 - -2. Let q be 18/v + (-11)/22. Suppose q*w = 222 + 106. What are the prime factors of w?
2, 41
Suppose 2*j - 795 = k + 417, 0 = -2*j - 3*k + 1212. List the prime factors of j.
2, 3, 101
Let m be (-3 + -2)*(-10)/10. Suppose 6*q - m*q = j + 57, -5*q + 3*j = -275. Suppose 0*f + 142 = 3*f + t, f + 5*t - q = 0. List the prime factors of f.
47
Suppose -57144 = -91*m + 67*m. What are the prime factors of m?
2381
Let b(s) = -259*s**2 - s. Let k(q) = 259*q**2 + q. Let v(h) = 2*b(h) + 3*k(h). Let o be v(1). Suppose -10*i + 6*i + o = 0. What are the prime factors of i?
5, 13
Let v be -3*5/(-5) + -67. Let q = v + 132. What are the prime factors of q?
2, 17
What are the prime factors of ((-224)/(-40) - 2/(-5))*2055/6?
3, 5, 137
Let h = -74 + 74. Suppose 2*v + h*v = -4*g - 698, 0 = 4*g - 5*v + 705. List the prime factors of ((-9)/6)/(-3) + g/(-2).
2, 11
Let m(i) = i**3 + 5*i**2 - 4*i - 10. Let s be m(-5). Suppose 5*p - 38 = 1177. Suppose -467 - p = -s*x. What are the prime factors of x?
71
Let s be 81/(-6)*(-2 + 12/(-18)). What are the prime factors of (-112)/s*-228 - 40/30?
2, 3, 59
Let l(c) = c - 32. Let k be l(30). Let t = 65 - k. List the prime factors of t.
67
Suppose 39*b - 45*b + 54 = 0. Suppose 6465 = b*c - 1311. List the prime factors of c.
2, 3
Suppose 12*z + 8 = 14*z. Suppose 0 = 2*x + z*q - 1836, 0 = 5*x + q - 3101 - 1462. What are the prime factors of x?
2, 3, 19
Let j be ((-6)/(-2))/((-6)/(-4)). Suppose j*t - 7*t + 50 = 0. Suppose 4*p - 92 = 3*l + 7, 2*l + t = 0. What are the prime factors of p?
3, 7
Let a(y) be the first derivative of -y**2/2 - 6*y + 6. Let j be a(-11). Suppose k - 3*c = -6*c + 96, -k - j*c + 86 = 0. What are the prime factors of k?
3, 37
Suppose -4*l + 247 = 1331. What are the prime factors of (5 + -8)/(-1 - l/274)?
2, 137
Suppose -141*u + 930 = -137*u - 5*o, -3*o + 241 = u. What are the prime factors of u?
5, 47
Let q(u) = u**2 + 4*u + 2. Let o be q(12). Let r = o + -159. List the prime factors of r.
5, 7
Let v(z) = z**3 + 4*z**2 - 4*z - 5. Let y be v(-2). Suppose 4*c = y*c + 483. Let d = 26 - c. List the prime factors of d.
5, 19
Let h(g) = 144*g**2 + 239*g + 2947. List the prime factors of h(-13).
2, 1511
Suppose 2*p - 8648 = -4*u, 5*p + 2*u - 8987 - 12681 = 0. List the prime factors of p.
2, 271
Let z be 11 + 4 + (0 - 8). Let i(g) = 4*g**3 - 6*g**2 - 3*g**3 - 3*g - 3*g**2 + 3*g**2 - 10. What are the prime factors of i(z)?
2, 3
Let n(q) = 21*q**3 - 14*q**2 - 3*q + 193. List the prime factors of n(10).
19763
Let a = -25 - -30. Suppose 15*p = 17*p - 2*n - 878, -3*p + 1285 = a*n. What are the prime factors of p?
3, 5, 29
Suppose -5*r = -4*b - 1347, 5*r + 4*b - 522 = 3*r. Let o = 609 - r. Let t = -230 + o. List the prime factors of t.
2, 7
Let p = 47661 + -20451. What are the prime factors of p?
2, 3, 5, 907
Let a(v) = v**3 + 6 + 4 + 2 - 9*v**2 + 41*v + 0*v**3. What are the prime factors of a(12)?
2, 3, 13
Suppose -3*o + c = -33, -2*o - 4*c + 22 = -c. Let y(z) = z**3 - 10*z**2 - 8*z - 9. Let a be y(o). Suppose -a - 318 = -6*i. List the prime factors of i.
3, 19
Suppose 88077 - 18957 = 40*q. List the prime factors of q.
2, 3
Let f(q) be the third derivative of 9*q**4/4 - 73*q**3/6 - 22*q**2. What are the prime factors of f(12)?
5, 23
Let w = -60 - -253. Let z = w + 242. List the prime factors of z.
3, 5, 29
Let f(d) = 3*d**2 - 67*d - 345. What are the prime factors of f(-33)?
3, 29, 59
Let l(k) = 11*k - 8. Suppose 2*d = w - 3*d + 44, -4*w + 2*d - 266 = 0. Let c = w + 73. List the prime factors of l(c).
2, 3
Suppose -3*h + l = -80828, -16*l - 53887 = -2*h - 17*l. What are the prime factors of h?
3, 7, 1283
Suppose 5*g = -2*s + 54954, 0 = -5*s + 35*g - 33*g + 137356. What are the prime factors of s?
2, 17, 101
Let h(i) = i**3 - 8*i**2 - 18. Let p be -1 - 0 - (-8 + 3). Let v(f) = 5*f - 11. Let y be v(p). What are the prime factors of h(y)?
3, 7
Let a be (-20 + 19)/(3/(-7827)). Let t = a + -1403. What are the prime factors of t?
2, 3, 67
Suppose 0 = 10*b - 29*b + 190. What are the prime factors of -6*(-8)/9*675/b?
2, 3, 5
Suppose 0 = 18*k - 25*k + 14. Suppose 6*g = k*g - 100. Let l(d) = -10*d - 58. What are the prime factors of l(g)?
2, 3
Suppose 0 = -79*n + 81*n + 1582. Let s = 1362 + n. List the prime factors of s.
571
Let t(v) = v**2 + 21*v + 5. Suppose q + 2*w = -3*q - 58, 5*q + 65 = -4*w. Let k be t(q). List the prime factors of 129*2*(-21)/k.
2, 43
Suppose r + r + 68 = 0. Suppose 4*h = -5*c - 566, -c - 2*h + 44 - 156 = 0. Let u = r - c. What are the prime factors of u?
2, 5
Suppose -88*y + 30*y + 912418 = -20*y. What are the prime factors of y?
13, 1847
Suppose 1 - 7 = -2*z. Suppose 1979 = 5*f + 4*a - 2337, 4*f + z*a = 3452. List the prime factors of f.
2, 5, 43
Let c be (-5)/(30/9)*(-112)/24. Suppose -15 = c*v - 36. Suppose v*o + o - 42 = -g, -49 = -g + 3*o. List the prime factors of g.
2, 23
Suppose -r = 3*o - 66 + 328, -96 = o - 4*r. Let d = o - -185. Let x = d + -88. What are the prime factors of x?
3
Let k(a) = 2049*a - 3232. What are the prime factors of k(8)?
2, 5, 7, 47
Let g be (-6)/(120/(-16) + 7). Let u(t) = -5*t**2 - 5*t - 24. Let c(i) = 4*i**2 + 6*i + 25. Let y(o) = 6*c(o) + 5*u(o). List the prime factors of y(g).
2, 3
Let d = 27908 - 19042. What are the prime factors of d?
2, 11, 13, 31
Let z(c) = 6*c + 46. Let f be z(-21). List the prime factors of f/6*(-11 + 1/(-1)).
2, 5
Let r = 467 + -56. Suppose 4*l + 3*y - 777 = 0, 2*l - r = 5*y - 2*y. What are the prime factors of l?
2, 3, 11
Let a(s) = 106*s**3 + 19*s**2 - 26*s + 111. What are the prime factors of a(6)?
3, 5, 523
Let l(w) = -w**3 + w**2 + w + 2. Let h be l(0). Let f(y) = 110*y - 438. Let b be f(4). Suppose h*k - 164 = -b*k. What are the prime factors of k?
41
Suppose 5*b = 2*k - 77, -6*k + 4*k + 2*b = -92. Suppose 2*j + j = -g + k, -3*g + j + 173 = 0. What are the prime factors of g?
3, 19
Let a(b) = 13*b - 3. Let l be a(1). Suppose 7*u - 159 = l*u. What are the prime factors of (36/(-6))/3*u/2?
53
Let d(l) = l**2 + 53*l + 13. Let a be d(-53). Let v(o) = 3*o + 2. Let k be v(-4). Let n = k + a. List the prime factors of n.
3
Suppose -1 = 3*i + 4*k, 2*k - 1 = 5*i - 8. Let x = -23 + 22. What are the prime factors of x/(i - 70/65)?
13
Let h(d) = 16*d**3 + d**2 - 6*d - 5. Let o be h(-4). Let p be 3/(o/248 + 4). Suppose l = -3*l + 4*j + 340, 0 = -3*l - 4*j + p. What are the prime factors of l?
2, 3, 7
Let y(h) = -6*h - 10. Let f be y(-6). Let a(r) = f*r - 11 + 4 - 5 - 51*r. List the prime factors of a(-7).
163
Suppose i + q = -0*i - 2, -20 = -2*i + 4*q. Let h be 1 - (2/i + -4). Suppose 33 = u + h. What are the prime factors of u?
29
What are the prime factors of 260102/41 - (-80)/1640?
2, 13, 61
Let j be (-3 - 9/(-6)) + (-1477)/(-2). Suppose -j = -3*z - d, -5*d + 333 = 2*z - 141. List the prime factors of z.
13, 19
Suppose -909*p = -919*p + 60070. List the prime factors of p.
6007
Let t = 525 + 1117. Let p = t + -988. List the prime factors of p.
2, 3, 109
Let g = 36674 - 24406. What are the prime factors of g?
2, 3067
Let l = -159 - -164. Suppose 2312 = 5*i + 2*z, 19*i = 17*i + l*z + 948. List the prime factors of i.
2, 29
Let n(h) be the first derivative of -h**5/120 + 79*h**4/24 - 11*h**3/3 + 18. Let p(l) be the third derivative of n(l). List the prime factors of p(0).
79
Suppose -4*g = 4*k + 195 - 191, -5*k = 3*g - 3. Suppose -6 = -3*t - 0*t. List the prime factors of k/t*(-2170)/(-15).
7, 31
Let w(m) be the first derivative of -m**3/3 + 73*m**2/2 - 108*m + 114. List 